{"id":2,"date":"2021-02-15T21:19:13","date_gmt":"2021-02-15T20:19:13","guid":{"rendered":"https:\/\/maklerbestand-verkaufen.com\/?page_id=2"},"modified":"2023-08-08T23:20:17","modified_gmt":"2023-08-08T21:20:17","slug":"maklerbestand-verkaufen","status":"publish","type":"page","link":"https:\/\/maklerbestand-verkaufen.com\/","title":{"rendered":"\u271a"},"content":{"rendered":"\n<h1 class=\"wp-block-heading alignwide has-text-align-center has-secondary-color has-text-color\"><a href=\"https:\/\/versicherungsmakler-berlin.link\/maklerbestand-verkaufen\/\">Maklerbestand verkaufen<\/a><\/h1>\n\n\n\n<figure class=\"wp-block-image size-full\"><img loading=\"lazy\" decoding=\"async\" width=\"1024\" height=\"683\" src=\"https:\/\/maklerbestand-verkaufen.com\/wp-content\/uploads\/2021\/09\/Maklerbestand-verkaufen-Berlin-Maklerbestand-kaufen-Versicherungsmakler-Berlin-Brandenburg.jpg\" alt=\"Maklerbestand verkaufen  \u2713 Berlin  \u2713 Maklerbestand kaufen  \u2713 Versicherungsmakler Berlin  \u2713 Brandenburg  \u2713 Deutschland  \u2713\" class=\"wp-image-106\" srcset=\"https:\/\/maklerbestand-verkaufen.com\/wp-content\/uploads\/2021\/09\/Maklerbestand-verkaufen-Berlin-Maklerbestand-kaufen-Versicherungsmakler-Berlin-Brandenburg.jpg 1024w, https:\/\/maklerbestand-verkaufen.com\/wp-content\/uploads\/2021\/09\/Maklerbestand-verkaufen-Berlin-Maklerbestand-kaufen-Versicherungsmakler-Berlin-Brandenburg-300x200.jpg 300w, https:\/\/maklerbestand-verkaufen.com\/wp-content\/uploads\/2021\/09\/Maklerbestand-verkaufen-Berlin-Maklerbestand-kaufen-Versicherungsmakler-Berlin-Brandenburg-768x512.jpg 768w\" sizes=\"(max-width: 1024px) 100vw, 1024px\" \/><figcaption class=\"wp-element-caption\">Maklerbestand verkaufen  \u2713 Berlin  \u2713 Maklerbestand kaufen  \u2713 Versicherungsmakler Berlin  \u2713 Brandenburg  \u2713 Deutschland  \u2713<\/figcaption><\/figure>\n\n\n\n<p class=\"has-text-align-center has-text-color\" style=\"color:#2c7e90\"><strong>030.56 555 940<\/strong><\/p>\n\n\n\n<p><strong>Maklerbestand verkaufen<\/strong><\/p>\n\n\n\n<p><mark style=\"background-color:rgba(0, 0, 0, 0)\" class=\"has-inline-color has-secondary-color\">Einen <\/mark><a href=\"https:\/\/agentin.de\/maklerbestand-verkaufen\/\"><mark style=\"background-color:rgba(0, 0, 0, 0);color:#da5546\" class=\"has-inline-color\">Maklerbestand zu verkaufen<\/mark><\/a><mark style=\"background-color:rgba(0, 0, 0, 0)\" class=\"has-inline-color has-secondary-color\"> ist keine triviale Aufgabe. Schlie\u00dflich m\u00f6chte der Verk\u00e4ufer f\u00fcr seine meist jahrzenhntelange Arbeit den <strong>bestm\u00f6glichen Erl\u00f6s erzeilen<\/strong>. Nat\u00fcrlich ist diese Haltung legitim und vermutlich f\u00fcr Jedermann nachvollziehbar. <\/mark><\/p>\n\n\n\n<p><mark style=\"background-color:rgba(0, 0, 0, 0)\" class=\"has-inline-color has-secondary-color\">Im <strong>Gegenzug w\u00fcnscht<\/strong> der <strong>K\u00e4ufer ein ausgewogenes Ma\u00df in der Bewertung <\/strong>und die gr\u00f6\u00dftm\u00f6gliche Objektivit\u00e4t in der differenzierten Betrachtung. Auch <strong>pers\u00f6nliche Belange<\/strong> sollten <strong>nicht au\u00dfer Acht<\/strong> ge<strong>lassen<\/strong> werden.<\/mark><\/p>\n\n\n\n<p><\/p>\n\n\n\n<div class=\"wp-block-buttons is-content-justification-center is-layout-flex wp-container-core-buttons-is-layout-1 wp-block-buttons-is-layout-flex\">\n<div class=\"wp-block-button is-style-fill\"><a class=\"wp-block-button__link has-quinary-color has-light-green-cyan-to-vivid-green-cyan-gradient-background has-text-color has-background wp-element-button\" href=\"https:\/\/agentin.de\/maklerbestand-verkaufen\/\" style=\"border-radius:5px\">Maklerbestand verkaufen<\/a><\/div>\n<\/div>\n\n\n\n<p><\/p>\n\n\n\n<p><mark style=\"background-color:rgba(0, 0, 0, 0)\" class=\"has-inline-color has-secondary-color\">Weiterhin verhindert die DSGVO und weitere Normen so einiges an Transparenz f\u00fcr den K\u00e4ufer des Maklerbestandes. Wie sch\u00f6pft man nun <strong>ein partnerschaftliches Miteinander<\/strong>, das beiden Seiten zuverl\u00e4ssig dient, ohne gegen gesetzliche Regelungen zu versto\u00dfen? <\/mark><\/p>\n\n\n\n<p>Obendrein ist &#8222;das Bewusstsein&#8220; durch die Situtation Namens Corona zur Endlichkeit des eigenen Lebens gestiegen. Nicht neues, so meint man. Dennoch wurde das Thema Tod, zumindest seit dem Fr\u00fchjahr 2020, in ein anderes Licht ger\u00fcckt. <\/p>\n\n\n\n<p>Unabh\u00e4ngig wie Sie zu diesem Thema stehen, ist eine <strong>langfristige Sicht auf das eigene Unternehmen<\/strong> prinzipiell eine ausgewogene und damit sicher die <strong>richige Betrachtung<\/strong>, die f\u00fcr <strong>Nachhaltigkeit <\/strong>und damit auch f\u00fcr <strong>Ihre Zufriedenheit<\/strong> sorgt. <\/p>\n\n\n\n<p>Schlie\u00dflich sollte die <strong>qualifizierte Weitergabe<\/strong> zum Teil der strukturierten Unternehmensplanung geh\u00f6ren.<\/p>\n\n\n\n<p>Wer das <strong>Ende des Arbeitslebens<\/strong> kennt, geht diesem Schritt ganz <strong>sicher mit einem L\u00e4cheln<\/strong> und nicht mit einer neuen und vielleicht unliebsamen Aufgabenstellung <strong>entgegen<\/strong>. \u00dcbrigens k\u00f6nnte eine <strong>vorausschauende Planung<\/strong> auch daf\u00fcr sorgen <strong>fr\u00fcher in den wohl verdienten Ruhestand<\/strong> zu gehen. <\/p>\n\n\n\n<p>Das <strong>sollte doch eine l\u00e4ngere \u00dcberlegung wert sein<\/strong>, oder? \ud83d\ude42<\/p>\n\n\n\n<p>_____<br><\/p>\n\n\n\n<p><mark style=\"background-color:rgba(0, 0, 0, 0)\" class=\"has-inline-color has-secondary-color\">Genau diese Thematik werden wir hier in K\u00fcrze n\u00e4her beleuchten, um f\u00fcr Sie das m\u00f6glichst optimale Ma\u00df in der strukturierten Abwicklung und \u00dcbergabe zu gew\u00e4hrleisten.<\/mark><\/p>\n\n\n\n<p>F\u00fcr n\u00e4here Informationen klicken Sie bitte auf den Button:<\/p>\n\n\n\n<p><\/p>\n\n\n\n<div class=\"wp-block-buttons is-content-justification-center is-layout-flex wp-container-core-buttons-is-layout-2 wp-block-buttons-is-layout-flex\">\n<div class=\"wp-block-button is-style-fill\"><a class=\"wp-block-button__link has-quinary-color has-text-color has-background wp-element-button\" href=\"https:\/\/agentin.de\/maklerbestand-verkaufen\/\" style=\"border-radius:5px;background:linear-gradient(136deg,rgb(122,220,180) 0%,rgb(0,208,130) 100%)\">Maklerbestand verkaufen <\/a><\/div>\n<\/div>\n\n\n\n<p><\/p>\n\n\n\n<p>Die Inhalte dieser Internetpr\u00e4senz werden gerade f\u00fcr Sie vollst\u00e4ndig \u00fcberarbeitet, um Ihnen in K\u00fcrze einen umfassenden und sinnstiftenden Service an die Hand zu geben. Daher finden Sie aktuell nur diese Seite vor. Bitte haben Sie noch etwas Geduld. Denn Qualit\u00e4t braucht Zeit. \ud83d\ude42<\/p>\n\n\n\n<p class=\"has-primary-color has-text-color\"><mark style=\"background-color:rgba(0, 0, 0, 0)\" class=\"has-inline-color has-secondary-color\">Wir freuen uns auf Ihre Wiederkehr.<\/mark> <\/p>\n\n\n\n<p class=\"has-text-color\" style=\"color:#da5546\"><strong>Tipp:<\/strong> Legen Sie diese Seite in Ihren Lesezeichen ab!<\/p>\n\n\n\n<p><\/p>\n\n\n\n<p><\/p>\n\n\n\n<p><\/p>\n\n\n\n<p><\/p>\n\n\n\n<p><\/p>\n\n\n\n<p><\/p>\n\n\n\n<p><\/p>\n\n\n\n<p class=\"has-text-align-right has-text-color\" style=\"color:#2c7e90;font-size:8px\">30.11.2023: <a href=\"https:\/\/agentin.de\/kfz-versicherung-berlin-versicherungsmakler-berlin\/#vorteile\">Autoversicherung Berlin &#8211; vergleichen<\/a><\/p>\n\n\n\n<p class=\"has-text-align-center\"><\/p>\n\n\n\n<blockquote class=\"wp-block-quote has-text-align-center is-layout-flow wp-block-quote-is-layout-flow\">\n<p><\/p>\n<\/blockquote>\n\n\n\n<p><\/p>\n\n\n\n<p><\/p>\n\n\n\n<p><\/p>\n","protected":false},"excerpt":{"rendered":"<p>Maklerbestand verkaufen 030.56 555 940 Maklerbestand verkaufen Einen Maklerbestand zu verkaufen ist keine triviale Aufgabe. Schlie\u00dflich m\u00f6chte der Verk\u00e4ufer f\u00fcr&hellip;<\/p>\n","protected":false},"author":1,"featured_media":114,"parent":0,"menu_order":0,"comment_status":"closed","ping_status":"closed","template":"","meta":{"footnotes":""},"yoast_head":"<!-- This site is optimized with the Yoast SEO plugin v19.6 - https:\/\/yoast.com\/wordpress\/plugins\/seo\/ -->\n<title>Maklerbestand verkaufen - Jetzt anrufen: 030.56 555 940<\/title>\n<meta name=\"description\" content=\"Maklerbestand verkaufen \u279d \u2706 030.56 555 940 \u2705 Bestand: Privatkunden \u2705 Bestand: Firmenkunden \u2705 Versicherungsmakler \u2705 Berlin \u2705 Makler \u2705\" \/>\n<meta name=\"robots\" content=\"index, follow, max-snippet:-1, max-image-preview:large, max-video-preview:-1\" \/>\n<link rel=\"canonical\" href=\"https:\/\/maklerbestand-verkaufen.com\/\" \/>\n<meta property=\"og:locale\" content=\"de_DE\" \/>\n<meta property=\"og:type\" content=\"article\" \/>\n<meta property=\"og:title\" content=\"Maklerbestand verkaufen - Jetzt anrufen: 030.56 555 940\" \/>\n<meta property=\"og:description\" content=\"Maklerbestand verkaufen \u279d \u2706 030.56 555 940 \u2705 Bestand: Privatkunden \u2705 Bestand: Firmenkunden \u2705 Versicherungsmakler \u2705 Berlin \u2705 Makler \u2705\" \/>\n<meta property=\"og:url\" content=\"https:\/\/maklerbestand-verkaufen.com\/\" \/>\n<meta property=\"og:site_name\" content=\"Maklerbestand verkaufen: 030.56 555 940 \u2713\" \/>\n<meta property=\"article:modified_time\" content=\"2023-08-08T21:20:17+00:00\" \/>\n<meta property=\"og:image\" content=\"https:\/\/maklerbestand-verkaufen.com\/wp-content\/uploads\/2021\/09\/Maklerbestand-verkaufen-Berlin-Maklerbestand-kaufen-Versicherungsmakler-Berlin-Brandenburg-Deutschland.jpg\" \/>\n\t<meta property=\"og:image:width\" content=\"1024\" \/>\n\t<meta property=\"og:image:height\" content=\"685\" \/>\n\t<meta property=\"og:image:type\" content=\"image\/jpeg\" \/>\n<meta name=\"twitter:card\" content=\"summary_large_image\" \/>\n<meta name=\"twitter:label1\" content=\"Gesch\u00e4tzte Lesezeit\" \/>\n\t<meta name=\"twitter:data1\" content=\"3\u00a0Minuten\" \/>\n<script type=\"application\/ld+json\" class=\"yoast-schema-graph\">{\"@context\":\"https:\/\/schema.org\",\"@graph\":[{\"@type\":\"WebPage\",\"@id\":\"https:\/\/maklerbestand-verkaufen.com\/\",\"url\":\"https:\/\/maklerbestand-verkaufen.com\/\",\"name\":\"Maklerbestand verkaufen - Jetzt anrufen: 030.56 555 940\",\"isPartOf\":{\"@id\":\"https:\/\/maklerbestand-verkaufen.com\/#website\"},\"datePublished\":\"2021-02-15T20:19:13+00:00\",\"dateModified\":\"2023-08-08T21:20:17+00:00\",\"description\":\"Maklerbestand verkaufen \u279d \u2706 030.56 555 940 \u2705 Bestand: Privatkunden \u2705 Bestand: Firmenkunden \u2705 Versicherungsmakler \u2705 Berlin \u2705 Makler \u2705\",\"breadcrumb\":{\"@id\":\"https:\/\/maklerbestand-verkaufen.com\/#breadcrumb\"},\"inLanguage\":\"de\",\"potentialAction\":[{\"@type\":\"ReadAction\",\"target\":[\"https:\/\/maklerbestand-verkaufen.com\/\"]}]},{\"@type\":\"BreadcrumbList\",\"@id\":\"https:\/\/maklerbestand-verkaufen.com\/#breadcrumb\",\"itemListElement\":[{\"@type\":\"ListItem\",\"position\":1,\"name\":\"Startseite\",\"item\":\"https:\/\/maklerbestand-verkaufen.com\/\"},{\"@type\":\"ListItem\",\"position\":2,\"name\":\"\u271a\"}]},{\"@type\":\"WebSite\",\"@id\":\"https:\/\/maklerbestand-verkaufen.com\/#website\",\"url\":\"https:\/\/maklerbestand-verkaufen.com\/\",\"name\":\"Maklerbestand verkaufen: 030.56 555 940 \u2713\",\"description\":\"Berlin \u2705 Berlin\/Umland \u2705 deutschlandlandweit \u2705 \",\"potentialAction\":[{\"@type\":\"SearchAction\",\"target\":{\"@type\":\"EntryPoint\",\"urlTemplate\":\"https:\/\/maklerbestand-verkaufen.com\/?s={search_term_string}\"},\"query-input\":\"required name=search_term_string\"}],\"inLanguage\":\"de\"}]}<\/script>\n<!-- \/ Yoast SEO plugin. -->","yoast_head_json":{"title":"Maklerbestand verkaufen - Jetzt anrufen: 030.56 555 940","description":"Maklerbestand verkaufen \u279d \u2706 030.56 555 940 \u2705 Bestand: Privatkunden \u2705 Bestand: Firmenkunden \u2705 Versicherungsmakler \u2705 Berlin \u2705 Makler \u2705","robots":{"index":"index","follow":"follow","max-snippet":"max-snippet:-1","max-image-preview":"max-image-preview:large","max-video-preview":"max-video-preview:-1"},"canonical":"https:\/\/maklerbestand-verkaufen.com\/","og_locale":"de_DE","og_type":"article","og_title":"Maklerbestand verkaufen - Jetzt anrufen: 030.56 555 940","og_description":"Maklerbestand verkaufen \u279d \u2706 030.56 555 940 \u2705 Bestand: Privatkunden \u2705 Bestand: Firmenkunden \u2705 Versicherungsmakler \u2705 Berlin \u2705 Makler \u2705","og_url":"https:\/\/maklerbestand-verkaufen.com\/","og_site_name":"Maklerbestand verkaufen: 030.56 555 940 \u2713","article_modified_time":"2023-08-08T21:20:17+00:00","og_image":[{"width":1024,"height":685,"url":"https:\/\/maklerbestand-verkaufen.com\/wp-content\/uploads\/2021\/09\/Maklerbestand-verkaufen-Berlin-Maklerbestand-kaufen-Versicherungsmakler-Berlin-Brandenburg-Deutschland.jpg","type":"image\/jpeg"}],"twitter_card":"summary_large_image","twitter_misc":{"Gesch\u00e4tzte Lesezeit":"3\u00a0Minuten"},"schema":{"@context":"https:\/\/schema.org","@graph":[{"@type":"WebPage","@id":"https:\/\/maklerbestand-verkaufen.com\/","url":"https:\/\/maklerbestand-verkaufen.com\/","name":"Maklerbestand verkaufen - Jetzt anrufen: 030.56 555 940","isPartOf":{"@id":"https:\/\/maklerbestand-verkaufen.com\/#website"},"datePublished":"2021-02-15T20:19:13+00:00","dateModified":"2023-08-08T21:20:17+00:00","description":"Maklerbestand verkaufen \u279d \u2706 030.56 555 940 \u2705 Bestand: Privatkunden \u2705 Bestand: Firmenkunden \u2705 Versicherungsmakler \u2705 Berlin \u2705 Makler \u2705","breadcrumb":{"@id":"https:\/\/maklerbestand-verkaufen.com\/#breadcrumb"},"inLanguage":"de","potentialAction":[{"@type":"ReadAction","target":["https:\/\/maklerbestand-verkaufen.com\/"]}]},{"@type":"BreadcrumbList","@id":"https:\/\/maklerbestand-verkaufen.com\/#breadcrumb","itemListElement":[{"@type":"ListItem","position":1,"name":"Startseite","item":"https:\/\/maklerbestand-verkaufen.com\/"},{"@type":"ListItem","position":2,"name":"\u271a"}]},{"@type":"WebSite","@id":"https:\/\/maklerbestand-verkaufen.com\/#website","url":"https:\/\/maklerbestand-verkaufen.com\/","name":"Maklerbestand verkaufen: 030.56 555 940 \u2713","description":"Berlin \u2705 Berlin\/Umland \u2705 deutschlandlandweit \u2705 ","potentialAction":[{"@type":"SearchAction","target":{"@type":"EntryPoint","urlTemplate":"https:\/\/maklerbestand-verkaufen.com\/?s={search_term_string}"},"query-input":"required name=search_term_string"}],"inLanguage":"de"}]}},"_links":{"self":[{"href":"https:\/\/maklerbestand-verkaufen.com\/index.php\/wp-json\/wp\/v2\/pages\/2"}],"collection":[{"href":"https:\/\/maklerbestand-verkaufen.com\/index.php\/wp-json\/wp\/v2\/pages"}],"about":[{"href":"https:\/\/maklerbestand-verkaufen.com\/index.php\/wp-json\/wp\/v2\/types\/page"}],"author":[{"embeddable":true,"href":"https:\/\/maklerbestand-verkaufen.com\/index.php\/wp-json\/wp\/v2\/users\/1"}],"replies":[{"embeddable":true,"href":"https:\/\/maklerbestand-verkaufen.com\/index.php\/wp-json\/wp\/v2\/comments?post=2"}],"version-history":[{"count":70,"href":"https:\/\/maklerbestand-verkaufen.com\/index.php\/wp-json\/wp\/v2\/pages\/2\/revisions"}],"predecessor-version":[{"id":172,"href":"https:\/\/maklerbestand-verkaufen.com\/index.php\/wp-json\/wp\/v2\/pages\/2\/revisions\/172"}],"wp:featuredmedia":[{"embeddable":true,"href":"https:\/\/maklerbestand-verkaufen.com\/index.php\/wp-json\/wp\/v2\/media\/114"}],"wp:attachment":[{"href":"https:\/\/maklerbestand-verkaufen.com\/index.php\/wp-json\/wp\/v2\/media?parent=2"}],"curies":[{"name":"wp","href":"https:\/\/api.w.org\/{rel}","templated":true}]}}